nd 444?
12
Let z = -55 + 97. Suppose -2*s - s = -z. What is the greatest common divisor of 14 and s?
14
Let y(g) = -g - 3. Let s be y(-6). Let p(l) = 11*l + 2. Let w be p(2). Suppose s*a - w = 24. What is the greatest common divisor of a and 16?
16
Suppose 5*f - y = 8*f - 182, -25 = -5*y. Calculate the highest common divisor of 531 and f.
59
Let u = 655 + -646. Calculate the highest common divisor of u and 63.
9
Let q be 1701/(-90) + 19 + (-1598)/(-20). Suppose 4*n - 98 - 94 = 0. What is the greatest common divisor of n and q?
16
Let m(t) = t**3 + 12*t**2 + 20*t + 3. Let y be m(-10). Let l be 2/(-1 + 3) + y. Calculate the highest common divisor of l and 12.
4
Let h = 175 + -65. Suppose -h = -5*b + 35. Calculate the highest common divisor of 319 and b.
29
Let c be ((-9)/(-6))/(15/(-460)). Let n = c + 50. Calculate the greatest common factor of n and 4.
4
Suppose 3*c + 5*q - 175 = 0, -3*c - 2*q + 81 = -97. Let k = c - 52. Calculate the greatest common divisor of 32 and k.
8
Let p be 1 - (-243 + -2 - -8). What is the highest common divisor of 42 and p?
14
Suppose -2*f = -4, -7*f - 2 = -3*t - 2*f. Suppose -3*n - 3*q + 99 = 0, -t*n + 153 = -q - 4. Calculate the highest common divisor of 19 and n.
19
Suppose 86 - 26 = 5*d. Suppose -3*s - 13 = -49. Let z = 30 - s. Calculate the greatest common divisor of z and d.
6
Let c(z) = 10*z**2 - 1. Let b be c(1). Let w be (-3)/(-2) - (-16)/(128/492). Calculate the greatest common divisor of b and w.
9
Let u = 264 + -262. Calculate the greatest common factor of u and 8.
2
Let l(b) = -21*b - 96. Let d be l(-5). What is the greatest common divisor of 459 and d?
9
Let j = -218 + 226. Calculate the highest common divisor of 104 and j.
8
Let g be 215 + (-3 + 1 + 0)/(-2). Let y be (-6)/8 + (-3)/(-4). Suppose y = 13*j - 15*j + 48. What is the greatest common divisor of j and g?
24
Suppose 233 = -25*a + 3383. Let t(p) = 13*p + 1. Let n be t(1). Calculate the highest common divisor of a and n.
14
Suppose -3*n + i = -17, 2*i + 6 = 2. Suppose 17 = n*v + 7. What is the greatest common factor of 4 and v?
2
Let z be (1/3)/((-2)/(-6)). Let r(k) = -2*k - 13. Let u be r(-9). Suppose i - 2*y - 3 = 0, 5*i - 18 + 3 = u*y. Calculate the highest common factor of i and z.
1
Suppose -476 = -2*y + i, -2*y + 4*i + 101 = -363. Let h = -120 + y. What is the highest common divisor of 48 and h?
24
Let g(l) be the second derivative of -l**3/6 + 8*l**2 - l. Suppose -20*c = 6*c. Let y be g(c). Calculate the greatest common factor of y and 64.
16
Let k(v) = 77*v**3 - v**2 + 4*v - 2. Let a be k(1). Suppose -2*x + 56 = -3*c - 28, 0 = -4*x + 3*c + 162. Calculate the greatest common divisor of a and x.
39
Suppose 0*j + 120 = -8*j. Let z = 19 + j. What is the greatest common divisor of 16 and z?
4
Let w be (2 - 6)/((-2)/(-20)). Let g be (-8)/(w/45) + 0 + 0. Let q be (1 - 2)*9*-1. What is the highest common divisor of g and q?
9
Let w(t) = -17*t + 10. Let i be w(0). What is the highest common factor of 45 and i?
5
Let z(u) = 16*u - 4. Let o be z(2). Let s be (o/1)/(2/10). Suppose 3*x - s = -10*b + 5*b, 0 = x + 3*b - 40. Calculate the highest common factor of x and 11.
11
Let o(p) = p**2 + 13*p - 307. Let m be o(13). Calculate the greatest common factor of 2821 and m.
31
Let j(d) = -d**2 - 20*d - 39. Let f be j(-18). Let u be ((-31)/f)/((-14)/(-42)). Suppose 0 = 2*l + l - 465. What is the greatest common divisor of u and l?
31
Let f = 104 - 69. Let y = f - 23. What is the greatest common factor of 8 and y?
4
Let g be 2*6*45/12. Let n be (-13)/(-4) - 3/(-4). Suppose 0 = -c + n*c - 54. What is the highest common factor of c and g?
9
Suppose t - 72 = 36. Calculate the highest common factor of 60 and t.
12
Suppose 5*v - 3*s = 782, -81 = -3*v + 3*s + 393. Suppose 3*n - 8 = 55. Let g = -7 + n. What is the highest common factor of g and v?
14
Suppose 4*h - 47 = -2*t + 17, 0 = h - 4. What is the highest common divisor of 30 and t?
6
Suppose -2 = -0*d - d. Let p = 937 + -933. Calculate the highest common factor of d and p.
2
Let m(x) = -x**2 - 9*x + 3. Let g(n) = 4*n + 1. Let k = 13 - 15. Let w be g(k). Let s be m(w). What is the greatest common factor of 17 and s?
17
Suppose 3*k = -k - 20. Let r = k - -19. Let n be r*(-1 - (-15)/6). What is the greatest common divisor of n and 105?
21
Let g be (-1209)/(-27) + 16/72. Calculate the highest common factor of 5 and g.
5
Suppose 0 = f + 2*p - 40, 3*p - 4*p = 1. Calculate the greatest common divisor of f and 56.
14
Suppose -50*k = -53*k + 15. Let o = 183 + -128. What is the greatest common factor of o and k?
5
Let y(u) = u - 2. Let a be y(5). Suppose -3*k - 366 = -3*j, -a*j - 2*k = -k - 354. What is the greatest common divisor of j and 17?
17
Let d be ((-36)/(-8))/(2*(-1)/(-4)). Calculate the greatest common factor of d and 48.
3
Let j = -607 - -624. Calculate the highest common factor of 1411 and j.
17
Suppose 10 = -4*q - 22. Let s be 9 + q - 98/(-2). Calculate the greatest common factor of s and 550.
50
Suppose 35*m - 291 = 32*m. Let i = 212 - m. What is the highest common factor of i and 23?
23
Suppose -2*b + 8 = -0*b. Suppose 0 = -b*f + p + 46, f - 7 = -p + 2. Let t be (-31)/(-3) - (-12)/18. What is the highest common factor of t and f?
11
Let k(w) = -15*w + 2. Let y = -11 - -9. Let h be k(y). Suppose -26*s + 89 = -327. Calculate the highest common factor of s and h.
16
Let c(o) = 6*o**3 - 7 + 9*o**2 - 3*o**3 - 9*o - 2*o**3 + 20. Let w be c(-10). Let m = 13 - -2. What is the greatest common factor of m and w?
3
Suppose 10*o = 6*o + i + 1680, -o - 4*i + 420 = 0. Calculate the greatest common divisor of 168 and o.
84
Let a be 7 - 5 - ((2 - 4) + -95). Suppose -7 = -3*t - 0*t - 5*u, 4*t + u = 32. What is the highest common divisor of a and t?
9
Suppose -6 - 16 = -3*p + 2*s, 4*p - s - 26 = 0. Suppose 0*n = 2*n - 72. What is the greatest common divisor of p and n?
6
Let w(j) = -j**2 - 7*j - 3. Let u be w(-6). Suppose p - 360 = -u*p. What is the greatest common divisor of p and 36?
18
Let z be 3/(-4)*(3 - -1). Let s be ((-4)/3)/(1/z). Suppose 55 = s*b - 4*d - d, b - 35 = -3*d. Calculate the highest common divisor of 60 and b.
20
Let p(y) = 2*y**2 - 6*y - 29. Let h be p(6). Suppose h*b = 11*b - 228. Calculate the greatest common factor of b and 76.
19
Suppose -j = -0*f - 3*f - 14, -j = -4*f - 17. Suppose -2*m + 111 = j*l, -3*m = 2*m - l - 318. Calculate the greatest common factor of 9 and m.
9
Suppose 3*x = -2*d + 13, 4*x + 0 = -2*d + 20. What is the greatest common factor of x and 1?
1
Suppose 8*i = 6*i - 28. Let u = 22 + i. Suppose 0 = 5*x - u - 97. What is the greatest common factor of 14 and x?
7
Suppose 4*d - 12 = -0*d. Suppose 0 = -d*t + t - 82. Let r = t - -89. What is the highest common factor of r and 72?
24
Suppose 0 = 2*u + 2*o - 66, -5*u + 128 = -o - 13. What is the highest common factor of 1421 and u?
29
Suppose -k + 1200 = 14*k. What is the highest common divisor of 5 and k?
5
Let h be (-36 - -2)/(1 + (-24)/16). What is the highest common divisor of h and 2176?
68
Suppose -2*h = 17*h - 6859. What is the greatest common divisor of h and 19?
19
Let b be (6/4)/(-3)*-10. Let d(m) = -5*m**2 - 4*m - 5. Let h(a) = 1. Let c(q) = -d(q) - 6*h(q). Let v be c(b). What is the highest common divisor of v and 18?
18
Suppose -590*d + 586*d + 1200 = 0. Calculate the highest common divisor of d and 36.
12
Let x(f) = -f**3 - 3*f - 2. Let q be x(-1). Calculate the greatest common divisor of 120 and q.
2
Suppose -177 = -5*k + 63. Suppose 5*n - k = 2*n - m, 2*m = -6. What is the greatest common divisor of n and 17?
17
Let c(z) = 4*z - 2. Let w be c(4). Let q(x) = -8*x - 16. Let g be q(-8). Suppose 3*b = 36 + g. Calculate the greatest common factor of b and w.
14
Let w be -1*(-10 - (-2 - -1)). Let u = -475 + 731. Suppose -4*b + u = -4*l, -b + 0*l = -2*l - 65. Calculate the greatest common factor of b and w.
9
Suppose 4*r + 3*c = -2*c - 133, 3*r = -2*c - 98. Let g = r + 62. What is the greatest common divisor of g and 150?
30
Let d(m) = -m**3 + 21*m**2 + 12*m - 102. Let f be d(21). Calculate the greatest common divisor of 30 and f.
30
Let m be ((-34)/2)/((-1760)/350 - -5). What is the highest common divisor of m and 35?
35
Let z(l) = 2*l - 4*l - 6*l. Suppose -9*o - 12 = -5*o. Let g be z(o). Calculate the highest common divis